{"id":163,"date":"2025-07-06T22:04:20","date_gmt":"2025-07-06T22:04:20","guid":{"rendered":"https:\/\/funny-tereshkova.81-169-201-108.plesk.page\/?post_type=product&#038;p=163"},"modified":"2025-07-06T22:11:44","modified_gmt":"2025-07-06T22:11:44","slug":"douche-gel-naanaa-mint-shower-gel","status":"publish","type":"product","link":"https:\/\/funny-tereshkova.81-169-201-108.plesk.page\/index.php\/product\/douche-gel-naanaa-mint-shower-gel\/","title":{"rendered":"Douche-gel | Naanaa Mint Shower Gel"},"content":{"rendered":"<p>[vc_row][vc_column][vc_column_text]Voel de frisheid van een golf, laat uw spanningen los. Deze douchegel met dun -, zalvend schuim reinigt en hydrateert zachtjes uw huid en laat een ultra\u00a0 frisse geur achter dankzij de unieke samenstelling van essenti\u00eble oli\u00ebn van munt, pelargonium, exotische Verve, oregano, timo en saus. Zijn formule bevat een ecologische extra zachte wasbasis op basis van plantaardige oli\u00ebn en essenti\u00eble oli\u00ebn. Het is fysiologisch aangepast aan de pH-waarde van de huid en respect voor het milieu door de optimale biologische afbreekbaarheid. Deze douchegel is ook perfect geschikt voor dagelijks gebruik.<br \/>\nIn de aromatherapie wordt etherische groene munt olie gebruikt voor het verfrissen en ontsmetten.[\/vc_column_text][\/vc_column][\/vc_row][vc_row][vc_column][vc_custom_heading text=&#8221;Speciale voorzorgsmaatregelen voor gebruik:&#8221; font_container=&#8221;tag:h2|font_size:26|text_align:left&#8221; google_fonts=&#8221;font_family:Open%20Sans%3A300%2C300italic%2Cregular%2Citalic%2C600%2C600italic%2C700%2C700italic%2C800%2C800italic|font_style:400%20regular%3A400%3Anormal&#8221;][\/vc_column][\/vc_row][vc_row][vc_column][vc_column_text]<\/p>\n<p style=\"text-align: left;\">* Buiten bereik van kinderen houden<br \/>\n* Niet inslikken<br \/>\n* Oogcontact vermijden<br \/>\n(Bij aanraking met de ogen onmiddellijk spoelen met schoon water)<\/p>\n<p>[\/vc_column_text][\/vc_column][\/vc_row][vc_row][vc_column][vc_custom_heading text=&#8221;Aanwijzingen voor gebruik:&#8221; font_container=&#8221;tag:h2|font_size:26|text_align:left&#8221; google_fonts=&#8221;font_family:Open%20Sans%3A300%2C300italic%2Cregular%2Citalic%2C600%2C600italic%2C700%2C700italic%2C800%2C800italic|font_style:400%20regular%3A400%3Anormal&#8221;][\/vc_column][\/vc_row][vc_row full_height=&#8221;yes&#8221; content_placement=&#8221;middle&#8221;][vc_column width=&#8221;1\/2&#8243;][vc_single_image image=&#8221;1562&#8243; img_size=&#8221;medium&#8221; add_caption=&#8221;yes&#8221; alignment=&#8221;center&#8221; style=&#8221;vc_box_shadow_3d&#8221;][\/vc_column][vc_column width=&#8221;1\/2&#8243;][vc_single_image image=&#8221;1561&#8243; img_size=&#8221;medium&#8221; add_caption=&#8221;yes&#8221; alignment=&#8221;center&#8221; style=&#8221;vc_box_shadow_3d&#8221;][\/vc_column][\/vc_row][vc_row full_height=&#8221;yes&#8221; content_placement=&#8221;middle&#8221;][vc_column width=&#8221;1\/2&#8243;][vc_column_text]<\/p>\n<p style=\"text-align: center;\">Bevochtig de huid alvorens de douchegel\u00a0 aan te brengen<\/p>\n<p>[\/vc_column_text][\/vc_column][vc_column width=&#8221;1\/2&#8243;][vc_column_text]<\/p>\n<p style=\"text-align: center;\">Wrijven en goed uitspoelen<\/p>\n<p>[\/vc_column_text][\/vc_column][\/vc_row]<\/p>\n","protected":false},"excerpt":{"rendered":"<pre id=\"tw-target-text\" class=\"tw-data-text tw-ta tw-text-small\" dir=\"ltr\" data-placeholder=\"Vertaling\" data-fulltext=\"\"><span lang=\"nl\">Douche gel\r\nCapaciteit: 200ml \/ 6.76 fl oz\r\nArtikel nr. GDN004 78830<\/span><\/pre>\n","protected":false},"featured_media":181,"comment_status":"closed","ping_status":"closed","template":"","meta":[],"product_brand":[],"product_cat":[18],"product_tag":[19,20,21,22,23],"class_list":{"0":"post-163","1":"product","2":"type-product","3":"status-publish","4":"has-post-thumbnail","6":"product_cat-uncategorized","7":"product_tag-bloesem","8":"product_tag-bloesem-water","9":"product_tag-cosmetica","10":"product_tag-parfum","11":"product_tag-sinaasappel","13":"first","14":"instock","15":"featured","16":"shipping-taxable","17":"purchasable","18":"product-type-simple"},"_links":{"self":[{"href":"https:\/\/funny-tereshkova.81-169-201-108.plesk.page\/index.php\/wp-json\/wp\/v2\/product\/163","targetHints":{"allow":["GET"]}}],"collection":[{"href":"https:\/\/funny-tereshkova.81-169-201-108.plesk.page\/index.php\/wp-json\/wp\/v2\/product"}],"about":[{"href":"https:\/\/funny-tereshkova.81-169-201-108.plesk.page\/index.php\/wp-json\/wp\/v2\/types\/product"}],"replies":[{"embeddable":true,"href":"https:\/\/funny-tereshkova.81-169-201-108.plesk.page\/index.php\/wp-json\/wp\/v2\/comments?post=163"}],"wp:featuredmedia":[{"embeddable":true,"href":"https:\/\/funny-tereshkova.81-169-201-108.plesk.page\/index.php\/wp-json\/wp\/v2\/media\/181"}],"wp:attachment":[{"href":"https:\/\/funny-tereshkova.81-169-201-108.plesk.page\/index.php\/wp-json\/wp\/v2\/media?parent=163"}],"wp:term":[{"taxonomy":"product_brand","embeddable":true,"href":"https:\/\/funny-tereshkova.81-169-201-108.plesk.page\/index.php\/wp-json\/wp\/v2\/product_brand?post=163"},{"taxonomy":"product_cat","embeddable":true,"href":"https:\/\/funny-tereshkova.81-169-201-108.plesk.page\/index.php\/wp-json\/wp\/v2\/product_cat?post=163"},{"taxonomy":"product_tag","embeddable":true,"href":"https:\/\/funny-tereshkova.81-169-201-108.plesk.page\/index.php\/wp-json\/wp\/v2\/product_tag?post=163"}],"curies":[{"name":"wp","href":"https:\/\/api.w.org\/{rel}","templated":true}]}}